{"id":66,"date":"2025-10-21T20:47:22","date_gmt":"2025-10-21T18:47:22","guid":{"rendered":"https:\/\/www.ernestotimor.com\/ernestotimor25\/?page_id=66"},"modified":"2025-11-04T12:01:27","modified_gmt":"2025-11-04T11:01:27","slug":"about-ernesto-timor","status":"publish","type":"page","link":"https:\/\/www.ernestotimor.com\/ernestotimor25\/about-ernesto-timor\/","title":{"rendered":"About Ernesto Timor"},"content":{"rendered":"<h4><em>Qui suis-je ?<\/em> en quelques mots\u2026<\/h4>\n<h6><div class=\"clearfix\">&nbsp;<\/div><\/h6>\n<p>Photographe-auteur et graphiste, je vis \u00e0 Lyon. Mon travail a toujours accord\u00e9 de l&rsquo;importance \u00e0 l\u2019improvisation et \u00e0 l&rsquo;\u00e9coute : la m\u00e9canique optique mise au service et au rythme du sujet, explorant un fil entre la distance respectueuse et le choix de bousculer. Mes sujets de pr\u00e9dilection sont faits de d\u00e9cors \u00e0 double fond et de figures en fragile \u00e9quilibre, de quotidien vibrant d\u2019inqui\u00e9tante \u00e9tranget\u00e9\u2026 Adepte de la s\u00e9quence et de la narration avec ou sans paroles, je me tourne volontiers vers des restitutions en forme de parcours : accrochages in situ, labyrinthes web, rencontre avec le livre (cette esp\u00e8ce d\u2019espace) ou exp\u00e9rimentations de type film photographique, seul ou avec d\u2019autres comparses plus bruyants que moi.<\/p>\n<p>Mes portraits sont de pr\u00e9f\u00e9rence ancr\u00e9s dans le territoire (r\u00e9el ou symbolique) des gens rencontr\u00e9s, en qu\u00eate d\u2019une image sans artifice qui parle juste. Je musarde aux fronti\u00e8res du documentaire et de l\u2019imaginaire, aime laisser des portes entrouvertes, offrir des interpr\u00e9tations non univoques.<\/p>\n<p>Pour en savoir plus : <a href=\"https:\/\/www.ernestotimor.com\/ernestotimor25\/wp-content\/uploads\/2025\/10\/cand-bio-cv-2025-1.pdf\" target=\"_blank\" rel=\"noopener\">t\u00e9l\u00e9chargez mon cv<\/a> (bio, liste compl\u00e8te d&rsquo;expos et de livres parus).<\/p>\n<div class=\"clearfix\">&nbsp;<\/div>\n<div class=\"col-sm-4 col-sm-offset-0 valign\">\n<div class=\"well well-sm\">\n<p><em>Muzeodrome<\/em> est une publication de r\u00e9f\u00e9rence dans laquelle Omer Pesquer dresse deux fois par mois un tableau raisonn\u00e9 de l&rsquo;actualit\u00e9 de la mus\u00e9ographie num\u00e9rique. Il m&rsquo;a fait l&rsquo;honneur d&rsquo;une interview dans le N\u00b0135 de son <em>Infolettre<\/em>, en octobre 2023. <a href=\"https:\/\/muzeodrome.substack.com\/p\/au-centre-de-ce-labyrinthe?open=false#%C2%A7le-point-de-vue-de-ma-fenetre\">www<\/a><br \/>\n<\/p><\/div>\n<div class=\"clearfix\">&nbsp;<\/div><div class=\"well well-sm\">\n<p><a href=\"https:\/\/radiodragon.org\/\">Radio Dragon<\/a>, la belle radio libre du Tri\u00e8ves et plus encore, m&rsquo;a fait parler ! Ecoutez l&rsquo;entretien impromptu au micro de Francis Leblon d\u00e9but ao\u00fbt 2022, \u00e0 l&rsquo;occasion de mon exposition \u00e0 l&rsquo;usine Bombyx \u00e0 Mens.<br \/>\n<div class=\"clearfix\">&nbsp;<\/div>\n<audio class=\"wp-audio-shortcode\" id=\"audio-66-1\" preload=\"none\" style=\"width: 100%;\" controls=\"controls\"><source type=\"audio\/mpeg\" src=\"https:\/\/www.ernestotimor.com\/on-a-deux-vies\/wp-content\/uploads\/2022\/08\/2208-Radio-Dragon-sur-qqch.mp3?_=1\" \/><a href=\"https:\/\/www.ernestotimor.com\/on-a-deux-vies\/wp-content\/uploads\/2022\/08\/2208-Radio-Dragon-sur-qqch.mp3\">https:\/\/www.ernestotimor.com\/on-a-deux-vies\/wp-content\/uploads\/2022\/08\/2208-Radio-Dragon-sur-qqch.mp3<\/a><\/audio>\n<\/p><\/div>\n<\/div>\n<div class=\"col-sm-8\">\n<a href=\"https:\/\/www.ernestotimor.com\/ernestotimor25\/wp-content\/uploads\/2025\/10\/drole-de-mauvais-genre.jpg\"><img loading=\"lazy\" decoding=\"async\" class=\"alignnone wp-image-305 size-full\" src=\"https:\/\/www.ernestotimor.com\/ernestotimor25\/wp-content\/uploads\/2025\/10\/drole-de-mauvais-genre.jpg\" alt=\"\" width=\"1600\" height=\"1068\" srcset=\"https:\/\/www.ernestotimor.com\/ernestotimor25\/wp-content\/uploads\/2025\/10\/drole-de-mauvais-genre.jpg 1600w, https:\/\/www.ernestotimor.com\/ernestotimor25\/wp-content\/uploads\/2025\/10\/drole-de-mauvais-genre-400x267.jpg 400w, https:\/\/www.ernestotimor.com\/ernestotimor25\/wp-content\/uploads\/2025\/10\/drole-de-mauvais-genre-600x401.jpg 600w, https:\/\/www.ernestotimor.com\/ernestotimor25\/wp-content\/uploads\/2025\/10\/drole-de-mauvais-genre-768x513.jpg 768w, https:\/\/www.ernestotimor.com\/ernestotimor25\/wp-content\/uploads\/2025\/10\/drole-de-mauvais-genre-1536x1025.jpg 1536w, https:\/\/www.ernestotimor.com\/ernestotimor25\/wp-content\/uploads\/2025\/10\/drole-de-mauvais-genre-300x200.jpg 300w, https:\/\/www.ernestotimor.com\/ernestotimor25\/wp-content\/uploads\/2025\/10\/drole-de-mauvais-genre-1024x684.jpg 1024w\" sizes=\"auto, (max-width: 1600px) 100vw, 1600px\" \/><\/a><br \/>\n<\/div>\n<div class=\"clearfix\">&nbsp;<\/div>\n<div class=\"panel-group scheme-light-2\" id=\"collapse_9dd1-464c\"><div class=\"panel panel-default\" role=\"tablist\">    <div class=\"panel-heading\" role=\"tab\" id=\"heading_citem_9f01-6f21\">        <h4 class=\"panel-title\"><a class=\"accordion-toggle collapsed\" data-toggle=\"collapse\" aria-controls=\"heading_citem_9f01-6f21\" data-parent=\"#collapse_9dd1-464c\" href=\"#citem_9f01-6f21\"> \u2798 Interviews et entretiens plus anciens (cliquer pour d\u00e9couvrir\u2026)<\/a>        <\/h4>    <\/div>    <div id=\"citem_9f01-6f21\" class=\"panel-collapse collapse \" role=\"tabpanel\" aria-labelledby=\"heading_citem_9f01-6f21\">        <div class=\"panel-body\">\n<h4>Cette section donne acc\u00e8s \u00e0 une s\u00e9lection d&rsquo;interviews et entretiens qui datent d\u00e9j\u00e0 un peu \u2014 non seulement dans le calendrier mais par ce que j&rsquo;y r\u00e9v\u00e8le de moi et de mon rapport d&rsquo;alors \u00e0 l&rsquo;image. Ce n&rsquo;est pas toujours confortable, mais un petit coup d&rsquo;\u0153il dans le r\u00e9troviseur de temps \u00e0 autre \u00e7a peut aussi \u00eatre malin\u2026<\/h4>\n<p>&nbsp;<\/p>\n<div class=\"su-row\"><\/div>\n<div class=\"su-column su-column-size-1-2\"><div class=\"su-column-inner su-u-clearfix su-u-trim\"><\/div><\/div>\n<h5><em>Territoires de l\u2019intime<\/em> : entretien sur le projet <em>Mon lieu secret<\/em><br \/>\nErnesto Timor sous le feu crois\u00e9 de Fr\u00e9d\u00e9ric Bellay (photographe) et Beno\u00eet Roux (\u00e9diteur)<\/h5>\n<figure id=\"attachment_422\" aria-describedby=\"caption-attachment-422\" style=\"width: 400px\" class=\"wp-caption alignright\"><a href=\"https:\/\/www.ernestotimor.com\/ernestotimor25\/wp-content\/uploads\/2025\/10\/2013-entretien-mls-1.jpg\"><img loading=\"lazy\" decoding=\"async\" class=\"wp-image-422 size-medium\" src=\"https:\/\/www.ernestotimor.com\/ernestotimor25\/wp-content\/uploads\/2025\/10\/2013-entretien-mls-1-400x283.jpg\" alt=\"Couverture de l'entretien autour de Mon lieu secret\" width=\"400\" height=\"283\" srcset=\"https:\/\/www.ernestotimor.com\/ernestotimor25\/wp-content\/uploads\/2025\/10\/2013-entretien-mls-1-400x283.jpg 400w, https:\/\/www.ernestotimor.com\/ernestotimor25\/wp-content\/uploads\/2025\/10\/2013-entretien-mls-1-600x424.jpg 600w, https:\/\/www.ernestotimor.com\/ernestotimor25\/wp-content\/uploads\/2025\/10\/2013-entretien-mls-1-283x200.jpg 283w, https:\/\/www.ernestotimor.com\/ernestotimor25\/wp-content\/uploads\/2025\/10\/2013-entretien-mls-1.jpg 700w\" sizes=\"auto, (max-width: 400px) 100vw, 400px\" \/><\/a><figcaption id=\"caption-attachment-422\" class=\"wp-caption-text\">Edition \u00e0 part de l'entretien publi\u00e9 en ouverture du livre <br \/><em>Mon lieu secret<\/em>, paru en octobre 2013 chez Libel.<\/figcaption><\/figure>\n<p>Cet entretien, r\u00e9alis\u00e9 \u00e0 Lyon en septembre 2013, figure aussi dans le livre \u00e9ponyme (\u00e9d. Libel, octobre 2013).<br \/>\nCette \u00e9dition \u00e0 part est publi\u00e9e en avant-premi\u00e8re, augment\u00e9e de quelques photos pour mieux suivre les \u00e9changes !<\/p>\n<div class=\"su-quote su-quote-style-default su-quote-has-cite\"><div class=\"su-quote-inner su-u-clearfix su-u-trim\">\n\u2014 Je crois qu\u2019il y a moins de distance chez toi que chez d\u2019autres photographes. C\u2019est particuli\u00e8rement \u00e9tonnant dans le cadre de cette ville qui a tendance \u00e0 en mettre beaucoup, de la distance. Est-ce que \u00e7a en a parfois fait une intrusion risqu\u00e9e ?<br \/>\n\u2014 Non, j\u2019ai simplement senti que ce serait lent, que les gens d\u2019ici ne s\u2019engagent pas comme \u00e7a. Certains ont mis plus d\u2019un an \u00e0 se d\u00e9cider ! Mais j\u2019ai aussi senti que c\u2019\u00e9tait pertinent, que \u00e7a prenait humainement, que c\u2019\u00e9tait porteur d\u2019images fortes. Ce qui n\u2019est pas le cas de tous mes projets, j\u2019en abandonne beaucoup au bord de la route !<span class=\"su-quote-cite\"><a href=\"http:\/\/www.ernestotimor.com\/pdf\/2013-entretien-mls.pdf\" target=\"_blank\">Lire l'int\u00e9grale de l'entretien chez les \u00e9ditions Libel<\/a><\/span><\/div><\/div>\n<hr class=\"divider height-1 margin-top-40 margin-bottom-20\" \/>\n<h5><em>Irregular<\/em> : Dominique Sampiero passe Ernesto Timor \u00e0 la question<\/h5>\n<figure id=\"attachment_419\" aria-describedby=\"caption-attachment-419\" style=\"width: 400px\" class=\"wp-caption alignright\"><a href=\"https:\/\/www.ernestotimor.com\/ernestotimor25\/wp-content\/uploads\/2025\/10\/2014-entretien-timor-sampiero-11.jpg\"><img loading=\"lazy\" decoding=\"async\" class=\"wp-image-419 size-medium\" src=\"https:\/\/www.ernestotimor.com\/ernestotimor25\/wp-content\/uploads\/2025\/10\/2014-entretien-timor-sampiero-11-400x283.jpg\" alt=\"Couverture du livret\" width=\"400\" height=\"283\" srcset=\"https:\/\/www.ernestotimor.com\/ernestotimor25\/wp-content\/uploads\/2025\/10\/2014-entretien-timor-sampiero-11-400x283.jpg 400w, https:\/\/www.ernestotimor.com\/ernestotimor25\/wp-content\/uploads\/2025\/10\/2014-entretien-timor-sampiero-11-600x424.jpg 600w, https:\/\/www.ernestotimor.com\/ernestotimor25\/wp-content\/uploads\/2025\/10\/2014-entretien-timor-sampiero-11-283x200.jpg 283w, https:\/\/www.ernestotimor.com\/ernestotimor25\/wp-content\/uploads\/2025\/10\/2014-entretien-timor-sampiero-11.jpg 700w\" sizes=\"auto, (max-width: 400px) 100vw, 400px\" \/><\/a><figcaption id=\"caption-attachment-419\" class=\"wp-caption-text\">Complexe, risqu\u00e9, richement illustr\u00e9, flanqu\u00e9 de ses deux postfaces...<\/figcaption><\/figure>\n<p>Entretien fleuve avec l'\u00e9crivain Dominique Sampiero r\u00e9alis\u00e9 en 2013, \u00e9dit\u00e9, dig\u00e9r\u00e9 et postfac\u00e9 (par l'un puis par l'autre) en 2014. Parti \u00e0 \u00e9changer autour du cycle <em>Les limites nous regardent<\/em>, je me laisse entra\u00eener sur des terrains bien glissants, cette confrontation est pour le coup une exp\u00e9rience qui passe hardiment les bornes !<\/p>\n<div class=\"su-quote su-quote-style-default su-quote-has-cite\"><div class=\"su-quote-inner su-u-clearfix su-u-trim\">\nPhotographier un photographe avec des mots ? Impossible. Avec des silences ? Peut-\u00eatre. Trop facile. Un photographe, \u00e7a ne parle pas beaucoup. Il faut lire entre les blancs. Ou dans le blanc de ses yeux. Il faut regarder ce qu\u2019il dit comme une photo \u00e0 l\u2019envers, un n\u00e9gatif d\u00e9centr\u00e9, \u00e9trange, une photo rat\u00e9e o\u00f9 on peut voir quelque chose appara\u00eetre sur le fil mais \u00e0 contre-jour, image un peu cram\u00e9e d\u2019\u00e2me insaisissable, toujours dans le trembl\u00e9 pr\u00e9cis d\u2019\u00eatre au monde dans son intimit\u00e9 la plus trouble, ambigu\u00eb, au bord de s\u2019enfuir. Au bord du silence. Au bord du miroir.<span class=\"su-quote-cite\"><a href=\"http:\/\/www.ernestotimor.com\/pdf\/2014-entretien-timor-sampiero.pdf\" target=\"_blank\">Lire l'int\u00e9grale de l'entretien avec Dominique Sampiero<\/a><\/span><\/div><\/div>\n<hr class=\"divider height-1 margin-top-40 margin-bottom-20\" \/>\n<h5><em>C\u2019est bien beau d\u2019\u00eatre artiste.<\/em><br \/>\n<em>Rue 89 Lyon<\/em> soumet Ernesto Timor \u00e0 son quizz, \u00e9dition n\u00b016<\/h5>\n<figure id=\"attachment_421\" aria-describedby=\"caption-attachment-421\" style=\"width: 400px\" class=\"wp-caption alignright\"><a href=\"https:\/\/www.ernestotimor.com\/ernestotimor25\/wp-content\/uploads\/2025\/10\/2013-quizz-rue89-1.jpg\"><img loading=\"lazy\" decoding=\"async\" class=\"wp-image-421 size-medium\" src=\"https:\/\/www.ernestotimor.com\/ernestotimor25\/wp-content\/uploads\/2025\/10\/2013-quizz-rue89-1-400x283.jpg\" alt=\"Quizz Rue 89 Lyon, juillet 2013\" width=\"400\" height=\"283\" srcset=\"https:\/\/www.ernestotimor.com\/ernestotimor25\/wp-content\/uploads\/2025\/10\/2013-quizz-rue89-1-400x283.jpg 400w, https:\/\/www.ernestotimor.com\/ernestotimor25\/wp-content\/uploads\/2025\/10\/2013-quizz-rue89-1-600x424.jpg 600w, https:\/\/www.ernestotimor.com\/ernestotimor25\/wp-content\/uploads\/2025\/10\/2013-quizz-rue89-1-283x200.jpg 283w, https:\/\/www.ernestotimor.com\/ernestotimor25\/wp-content\/uploads\/2025\/10\/2013-quizz-rue89-1.jpg 700w\" sizes=\"auto, (max-width: 400px) 100vw, 400px\" \/><\/a><figcaption id=\"caption-attachment-421\" class=\"wp-caption-text\">R\u00e9\u00e9dition du quizz <em>Rue 89 Lyon<\/em>, juillet 2013<\/figcaption><\/figure>\n<p>Questions-r\u00e9ponses publi\u00e9es sur le site Rue 89 Lyon en juin 2013, en compl\u00e9ment d\u2019un entretien r\u00e9alis\u00e9 par Le\u00efla Piazza sur le projet <em>Mon lieu secret<\/em>. La pr\u00e9sente version est illustr\u00e9e de photographies anecdotiques r\u00e9alis\u00e9es en 2012 et 2013 et parues sur les photoblogs <em>Irregular<\/em> ou <em>Malaxe<\/em>.<\/p>\n<div class=\"su-quote su-quote-style-default su-quote-has-cite\"><div class=\"su-quote-inner su-u-clearfix su-u-trim\">\n\u2014 \u00c0 quelle personnalit\u00e9 politique pourriez-vous d\u00e9dier une s\u00e9rie de photos ?<br \/>\n\u2014 Rions un peu\u2026 Disons \u00e0 Manuel Valls. J\u2019ai beaucoup photographi\u00e9 les territoires rurbains improbables d\u2019Essonne (son fief natal), je photographie aussi par esprit d\u2019exorcisme \u00e9norm\u00e9ment de cl\u00f4tures, petites fronti\u00e8res ordinaires et autres attaches, je crois qu\u2019il y aurait l\u00e0 mati\u00e8re \u00e0 lui d\u00e9dier une chouette s\u00e9rie de douce France cousue de fil barbel\u00e9.<span class=\"su-quote-cite\"><a href=\"http:\/\/www.ernestotimor.com\/pdf\/2013-quizz-rue89.pdf\" target=\"_blank\">Lire l'int\u00e9grale de l'article de Rue89<\/a><\/span><\/div><\/div>\n<p>&nbsp;<\/p>\n        <\/div>    <\/div><\/div><\/div>\n","protected":false},"excerpt":{"rendered":"<p>Qui suis-je ? en quelques mots\u2026 Photographe-auteur et graphiste, je vis \u00e0 Lyon. Mon travail a toujours accord\u00e9 de l&rsquo;importance&hellip;<\/p>\n","protected":false},"author":1,"featured_media":0,"parent":0,"menu_order":0,"comment_status":"closed","ping_status":"closed","template":"","meta":{"footnotes":""},"folder":[],"class_list":["post-66","page","type-page","status-publish","hentry"],"yoast_head":"<!-- This site is optimized with the Yoast SEO plugin v27.2 - https:\/\/yoast.com\/product\/yoast-seo-wordpress\/ -->\n<title>About Ernesto Timor | Ernesto Timor - photographe<\/title>\n<meta name=\"description\" content=\"Qui suis-je ? en quelques mots\u2026 Photographe-auteur et graphiste, je vis \u00e0 Lyon. Mon travail a toujours accord\u00e9 de l&#039;importance \u00e0 l\u2019improvisation et \u00e0\" \/>\n<meta name=\"robots\" content=\"index, follow, max-snippet:-1, max-image-preview:large, max-video-preview:-1\" \/>\n<link rel=\"canonical\" href=\"https:\/\/www.ernestotimor.com\/ernestotimor25\/about-ernesto-timor\/\" \/>\n<meta property=\"og:locale\" content=\"fr_FR\" \/>\n<meta property=\"og:type\" content=\"article\" \/>\n<meta property=\"og:title\" content=\"About Ernesto Timor | Ernesto Timor - photographe\" \/>\n<meta property=\"og:description\" content=\"Qui suis-je ? en quelques mots\u2026 Photographe-auteur et graphiste, je vis \u00e0 Lyon. Mon travail a toujours accord\u00e9 de l&#039;importance \u00e0 l\u2019improvisation et \u00e0\" \/>\n<meta property=\"og:url\" content=\"https:\/\/www.ernestotimor.com\/ernestotimor25\/about-ernesto-timor\/\" \/>\n<meta property=\"og:site_name\" content=\"Ernesto Timor - photographe\" \/>\n<meta property=\"article:modified_time\" content=\"2025-11-04T11:01:27+00:00\" \/>\n<meta property=\"og:image\" content=\"https:\/\/www.ernestotimor.com\/ernestotimor25\/wp-content\/uploads\/2025\/10\/drole-de-mauvais-genre.jpg\" \/>\n\t<meta property=\"og:image:width\" content=\"1600\" \/>\n\t<meta property=\"og:image:height\" content=\"1068\" \/>\n\t<meta property=\"og:image:type\" content=\"image\/jpeg\" \/>\n<meta name=\"twitter:card\" content=\"summary_large_image\" \/>\n<meta name=\"twitter:label1\" content=\"Dur\u00e9e de lecture estim\u00e9e\" \/>\n\t<meta name=\"twitter:data1\" content=\"6 minutes\" \/>\n<script type=\"application\/ld+json\" class=\"yoast-schema-graph\">{\"@context\":\"https:\/\/schema.org\",\"@graph\":[{\"@type\":\"WebPage\",\"@id\":\"https:\/\/www.ernestotimor.com\/ernestotimor25\/about-ernesto-timor\/\",\"url\":\"https:\/\/www.ernestotimor.com\/ernestotimor25\/about-ernesto-timor\/\",\"name\":\"About Ernesto Timor | Ernesto Timor - photographe\",\"isPartOf\":{\"@id\":\"https:\/\/www.ernestotimor.com\/ernestotimor25\/#website\"},\"primaryImageOfPage\":{\"@id\":\"https:\/\/www.ernestotimor.com\/ernestotimor25\/about-ernesto-timor\/#primaryimage\"},\"image\":{\"@id\":\"https:\/\/www.ernestotimor.com\/ernestotimor25\/about-ernesto-timor\/#primaryimage\"},\"thumbnailUrl\":\"https:\/\/www.ernestotimor.com\/ernestotimor25\/wp-content\/uploads\/2025\/10\/drole-de-mauvais-genre.jpg\",\"datePublished\":\"2025-10-21T18:47:22+00:00\",\"dateModified\":\"2025-11-04T11:01:27+00:00\",\"description\":\"Qui suis-je ? en quelques mots\u2026 Photographe-auteur et graphiste, je vis \u00e0 Lyon. Mon travail a toujours accord\u00e9 de l'importance \u00e0 l\u2019improvisation et \u00e0\",\"breadcrumb\":{\"@id\":\"https:\/\/www.ernestotimor.com\/ernestotimor25\/about-ernesto-timor\/#breadcrumb\"},\"inLanguage\":\"fr-FR\",\"potentialAction\":[{\"@type\":\"ReadAction\",\"target\":[\"https:\/\/www.ernestotimor.com\/ernestotimor25\/about-ernesto-timor\/\"]}]},{\"@type\":\"ImageObject\",\"inLanguage\":\"fr-FR\",\"@id\":\"https:\/\/www.ernestotimor.com\/ernestotimor25\/about-ernesto-timor\/#primaryimage\",\"url\":\"https:\/\/www.ernestotimor.com\/ernestotimor25\/wp-content\/uploads\/2025\/10\/drole-de-mauvais-genre.jpg\",\"contentUrl\":\"https:\/\/www.ernestotimor.com\/ernestotimor25\/wp-content\/uploads\/2025\/10\/drole-de-mauvais-genre.jpg\"},{\"@type\":\"BreadcrumbList\",\"@id\":\"https:\/\/www.ernestotimor.com\/ernestotimor25\/about-ernesto-timor\/#breadcrumb\",\"itemListElement\":[{\"@type\":\"ListItem\",\"position\":1,\"name\":\"Accueil\",\"item\":\"https:\/\/www.ernestotimor.com\/ernestotimor25\/\"},{\"@type\":\"ListItem\",\"position\":2,\"name\":\"About Ernesto Timor\"}]},{\"@type\":\"WebSite\",\"@id\":\"https:\/\/www.ernestotimor.com\/ernestotimor25\/#website\",\"url\":\"https:\/\/www.ernestotimor.com\/ernestotimor25\/\",\"name\":\"Ernesto Timor photographe\",\"description\":\"\",\"publisher\":{\"@id\":\"https:\/\/www.ernestotimor.com\/ernestotimor25\/#organization\"},\"potentialAction\":[{\"@type\":\"SearchAction\",\"target\":{\"@type\":\"EntryPoint\",\"urlTemplate\":\"https:\/\/www.ernestotimor.com\/ernestotimor25\/?s={search_term_string}\"},\"query-input\":{\"@type\":\"PropertyValueSpecification\",\"valueRequired\":true,\"valueName\":\"search_term_string\"}}],\"inLanguage\":\"fr-FR\"},{\"@type\":\"Organization\",\"@id\":\"https:\/\/www.ernestotimor.com\/ernestotimor25\/#organization\",\"name\":\"Ernesto Timor\",\"url\":\"https:\/\/www.ernestotimor.com\/ernestotimor25\/\",\"logo\":{\"@type\":\"ImageObject\",\"inLanguage\":\"fr-FR\",\"@id\":\"https:\/\/www.ernestotimor.com\/ernestotimor25\/#\/schema\/logo\/image\/\",\"url\":\"https:\/\/www.ernestotimor.com\/ernestotimor25\/wp-content\/uploads\/2025\/10\/cropped-Ernesto2025-fav-2.jpg\",\"contentUrl\":\"https:\/\/www.ernestotimor.com\/ernestotimor25\/wp-content\/uploads\/2025\/10\/cropped-Ernesto2025-fav-2.jpg\",\"width\":512,\"height\":512,\"caption\":\"Ernesto Timor\"},\"image\":{\"@id\":\"https:\/\/www.ernestotimor.com\/ernestotimor25\/#\/schema\/logo\/image\/\"},\"sameAs\":[\"https:\/\/www.linkedin.com\/in\/bertrand-sampeur-\ud83d\udea9aka-ernesto-timor-310a02256\/\"]}]}<\/script>\n<!-- \/ Yoast SEO plugin. -->","yoast_head_json":{"title":"About Ernesto Timor | Ernesto Timor - photographe","description":"Qui suis-je ? en quelques mots\u2026 Photographe-auteur et graphiste, je vis \u00e0 Lyon. Mon travail a toujours accord\u00e9 de l'importance \u00e0 l\u2019improvisation et \u00e0","robots":{"index":"index","follow":"follow","max-snippet":"max-snippet:-1","max-image-preview":"max-image-preview:large","max-video-preview":"max-video-preview:-1"},"canonical":"https:\/\/www.ernestotimor.com\/ernestotimor25\/about-ernesto-timor\/","og_locale":"fr_FR","og_type":"article","og_title":"About Ernesto Timor | Ernesto Timor - photographe","og_description":"Qui suis-je ? en quelques mots\u2026 Photographe-auteur et graphiste, je vis \u00e0 Lyon. Mon travail a toujours accord\u00e9 de l'importance \u00e0 l\u2019improvisation et \u00e0","og_url":"https:\/\/www.ernestotimor.com\/ernestotimor25\/about-ernesto-timor\/","og_site_name":"Ernesto Timor - photographe","article_modified_time":"2025-11-04T11:01:27+00:00","og_image":[{"width":1600,"height":1068,"url":"https:\/\/www.ernestotimor.com\/ernestotimor25\/wp-content\/uploads\/2025\/10\/drole-de-mauvais-genre.jpg","type":"image\/jpeg"}],"twitter_card":"summary_large_image","twitter_misc":{"Dur\u00e9e de lecture estim\u00e9e":"6 minutes"},"schema":{"@context":"https:\/\/schema.org","@graph":[{"@type":"WebPage","@id":"https:\/\/www.ernestotimor.com\/ernestotimor25\/about-ernesto-timor\/","url":"https:\/\/www.ernestotimor.com\/ernestotimor25\/about-ernesto-timor\/","name":"About Ernesto Timor | Ernesto Timor - photographe","isPartOf":{"@id":"https:\/\/www.ernestotimor.com\/ernestotimor25\/#website"},"primaryImageOfPage":{"@id":"https:\/\/www.ernestotimor.com\/ernestotimor25\/about-ernesto-timor\/#primaryimage"},"image":{"@id":"https:\/\/www.ernestotimor.com\/ernestotimor25\/about-ernesto-timor\/#primaryimage"},"thumbnailUrl":"https:\/\/www.ernestotimor.com\/ernestotimor25\/wp-content\/uploads\/2025\/10\/drole-de-mauvais-genre.jpg","datePublished":"2025-10-21T18:47:22+00:00","dateModified":"2025-11-04T11:01:27+00:00","description":"Qui suis-je ? en quelques mots\u2026 Photographe-auteur et graphiste, je vis \u00e0 Lyon. Mon travail a toujours accord\u00e9 de l'importance \u00e0 l\u2019improvisation et \u00e0","breadcrumb":{"@id":"https:\/\/www.ernestotimor.com\/ernestotimor25\/about-ernesto-timor\/#breadcrumb"},"inLanguage":"fr-FR","potentialAction":[{"@type":"ReadAction","target":["https:\/\/www.ernestotimor.com\/ernestotimor25\/about-ernesto-timor\/"]}]},{"@type":"ImageObject","inLanguage":"fr-FR","@id":"https:\/\/www.ernestotimor.com\/ernestotimor25\/about-ernesto-timor\/#primaryimage","url":"https:\/\/www.ernestotimor.com\/ernestotimor25\/wp-content\/uploads\/2025\/10\/drole-de-mauvais-genre.jpg","contentUrl":"https:\/\/www.ernestotimor.com\/ernestotimor25\/wp-content\/uploads\/2025\/10\/drole-de-mauvais-genre.jpg"},{"@type":"BreadcrumbList","@id":"https:\/\/www.ernestotimor.com\/ernestotimor25\/about-ernesto-timor\/#breadcrumb","itemListElement":[{"@type":"ListItem","position":1,"name":"Accueil","item":"https:\/\/www.ernestotimor.com\/ernestotimor25\/"},{"@type":"ListItem","position":2,"name":"About Ernesto Timor"}]},{"@type":"WebSite","@id":"https:\/\/www.ernestotimor.com\/ernestotimor25\/#website","url":"https:\/\/www.ernestotimor.com\/ernestotimor25\/","name":"Ernesto Timor photographe","description":"","publisher":{"@id":"https:\/\/www.ernestotimor.com\/ernestotimor25\/#organization"},"potentialAction":[{"@type":"SearchAction","target":{"@type":"EntryPoint","urlTemplate":"https:\/\/www.ernestotimor.com\/ernestotimor25\/?s={search_term_string}"},"query-input":{"@type":"PropertyValueSpecification","valueRequired":true,"valueName":"search_term_string"}}],"inLanguage":"fr-FR"},{"@type":"Organization","@id":"https:\/\/www.ernestotimor.com\/ernestotimor25\/#organization","name":"Ernesto Timor","url":"https:\/\/www.ernestotimor.com\/ernestotimor25\/","logo":{"@type":"ImageObject","inLanguage":"fr-FR","@id":"https:\/\/www.ernestotimor.com\/ernestotimor25\/#\/schema\/logo\/image\/","url":"https:\/\/www.ernestotimor.com\/ernestotimor25\/wp-content\/uploads\/2025\/10\/cropped-Ernesto2025-fav-2.jpg","contentUrl":"https:\/\/www.ernestotimor.com\/ernestotimor25\/wp-content\/uploads\/2025\/10\/cropped-Ernesto2025-fav-2.jpg","width":512,"height":512,"caption":"Ernesto Timor"},"image":{"@id":"https:\/\/www.ernestotimor.com\/ernestotimor25\/#\/schema\/logo\/image\/"},"sameAs":["https:\/\/www.linkedin.com\/in\/bertrand-sampeur-\ud83d\udea9aka-ernesto-timor-310a02256\/"]}]}},"_links":{"self":[{"href":"https:\/\/www.ernestotimor.com\/ernestotimor25\/wp-json\/wp\/v2\/pages\/66","targetHints":{"allow":["GET"]}}],"collection":[{"href":"https:\/\/www.ernestotimor.com\/ernestotimor25\/wp-json\/wp\/v2\/pages"}],"about":[{"href":"https:\/\/www.ernestotimor.com\/ernestotimor25\/wp-json\/wp\/v2\/types\/page"}],"author":[{"embeddable":true,"href":"https:\/\/www.ernestotimor.com\/ernestotimor25\/wp-json\/wp\/v2\/users\/1"}],"replies":[{"embeddable":true,"href":"https:\/\/www.ernestotimor.com\/ernestotimor25\/wp-json\/wp\/v2\/comments?post=66"}],"version-history":[{"count":2,"href":"https:\/\/www.ernestotimor.com\/ernestotimor25\/wp-json\/wp\/v2\/pages\/66\/revisions"}],"predecessor-version":[{"id":524,"href":"https:\/\/www.ernestotimor.com\/ernestotimor25\/wp-json\/wp\/v2\/pages\/66\/revisions\/524"}],"wp:attachment":[{"href":"https:\/\/www.ernestotimor.com\/ernestotimor25\/wp-json\/wp\/v2\/media?parent=66"}],"wp:term":[{"taxonomy":"folder","embeddable":true,"href":"https:\/\/www.ernestotimor.com\/ernestotimor25\/wp-json\/wp\/v2\/folder?post=66"}],"curies":[{"name":"wp","href":"https:\/\/api.w.org\/{rel}","templated":true}]}}