{"id":19155,"date":"2015-01-31T13:06:06","date_gmt":"2015-01-31T12:06:06","guid":{"rendered":"http:\/\/www.ernestotimor.com\/irregular\/?page_id=19155"},"modified":"2025-10-28T09:37:18","modified_gmt":"2025-10-28T08:37:18","slug":"bavardages-comment-photographier-entre-les-lignes","status":"publish","type":"page","link":"https:\/\/www.ernestotimor.com\/irregular\/echographies\/bavardages-comment-photographier-entre-les-lignes\/","title":{"rendered":"<em>Bavardages<\/em> : comment photographier entre les lignes"},"content":{"rendered":"<div class=\"short-cry col-sm-6\">\n<p><a href=\"http:\/\/www.ernestotimor.com\/irregular\/wp-content\/uploads\/2015\/01\/0902-life3550.jpg\"><img loading=\"lazy\" decoding=\"async\" class=\"alignnone wp-image-19177 size-large\" title=\"Cliquer pour agrandir\" src=\"http:\/\/www.ernestotimor.com\/irregular\/wp-content\/uploads\/2015\/01\/0902-life3550-512x341.jpg\" alt=\"Photo \u00a9 Ernesto Timor\" width=\"512\" height=\"341\" srcset=\"https:\/\/www.ernestotimor.com\/irregular\/wp-content\/uploads\/2015\/01\/0902-life3550-512x341.jpg 512w, https:\/\/www.ernestotimor.com\/irregular\/wp-content\/uploads\/2015\/01\/0902-life3550-300x200.jpg 300w, https:\/\/www.ernestotimor.com\/irregular\/wp-content\/uploads\/2015\/01\/0902-life3550-225x150.jpg 225w, https:\/\/www.ernestotimor.com\/irregular\/wp-content\/uploads\/2015\/01\/0902-life3550-150x100.jpg 150w, https:\/\/www.ernestotimor.com\/irregular\/wp-content\/uploads\/2015\/01\/0902-life3550.jpg 700w\" sizes=\"auto, (max-width: 512px) 100vw, 512px\" \/><\/a><\/p>\n<blockquote><p>Jeux d&rsquo;une fois ou relations suivies&#8230; j&rsquo;ai toujours aim\u00e9 me pr\u00eater \u00e0 des \u00e9changes de web ou de papier avec des <strong><em>correspondant(e)s<\/em><\/strong>, ceci au sens large.<br \/>\nJe ne parle pas ici des commandes au sens strict, o\u00f9 il faut tenter d&rsquo;\u00eatre \u00e0 la hauteur de la proposition, me mettre au service d&rsquo;un projet pluridisciplinaire plus vaste (suivre en particulier le tag arts vivants de mon <a title=\"Hop, sur Timor Rocks !\" href=\"http:\/\/www.timor-rocks.com\/tag\/arts-vivants\/\">site pro<\/a> pour des exemples de \u00e7a).<br \/>\nJe ne parle pas non plus des collaborations avec celles et ceux dont la pr\u00e9sence est au centre des plus humaines de mes images (les \u00ab\u00a0mod\u00e8les\u00a0\u00bb et autres inspiratrices)&#8230;<br \/>\nNon, il va s&rsquo;agir ici plut\u00f4t d&rsquo;\u00e9chos d&rsquo;auteurs&#8230; de plumes proches qui \u00e9crivent en rebond \u00e0 mes images, de cr\u00e9ations artistiques autour desquelles je brode \u00e0 ma mani\u00e8re, d&rsquo;exp\u00e9rimentations collectives sur le web, de correspondances photographiques avec des ami(e)s&#8230;<br \/>\nProcessus souvent merveilleusement inutile, chronophage&#8230; et pr\u00e9cieux quand m\u00eame ! Et qui de temps en temps a la chance de se concr\u00e9tiser en projets expos\u00e9s ou publi\u00e9s d&rsquo;une fa\u00e7on ou d&rsquo;une autre&nbsp;!<\/p><\/blockquote>\n<\/div>\n<div class=\"short-cry col-sm-6\">\n<p>Petit <em>digest<\/em> de mes collaborations photographico-litt\u00e9raires, avec liens vers le dehors quand une publication existe ou vers mes archives quand une forme de compilation a pu se faire&#8230; Vous pouvez aussi explorer le mot-cl\u00e9 <a href=\"http:\/\/www.ernestotimor.com\/irregular\/category\/annonces\/echo\/\">Echo<\/a> <em>de ce site<\/em> pour partir \u00e0 la p\u00eache aux annonces&#8230;<\/p>\n<h5>Auteurs avec qui une collaboration est sur le feu, ou n&rsquo;a pas fini de refroidir.<\/h5>\n<ul>\n<li><strong>Jean-Louis Baille<\/strong> : projet de livre commun intitul\u00e9 <a href=\"http:\/\/www.ernestotimor.com\/irregular\/echographies\/quelque-chose-suit-son-cours\/\"><em>Quelque chose suit son cours,<\/em><\/a> pr\u00e9sentement en qu\u00eate d&rsquo;\u00e9diteur ; <a href=\"http:\/\/www.timor-rocks.com\/jo-ernesto-ont-manche\/\"><em>Le Jour du S.,<\/em> <\/a>cr\u00e9ation commune pour la revue belge <em>Papier Machine<\/em> (2016).<\/li>\n<li><strong>Fran\u00e7ois Chaffin<\/strong> : <a title=\"Black Variations : un side-project pour Entretiens avec la mer, 2014-2015\" href=\"http:\/\/www.ernestotimor.com\/irregular\/echographies\/entretiens-avec-la-mer-variations-photographiques-2014\/\"><em>Black Variations<\/em><\/a> (2014-2015) et <a href=\"http:\/\/www.ernestotimor.com\/irregular\/echographies\/les-salles-dattente-un-side-project-pour-je-suis-contre-la-mort-2015-2016\/\"><em>Les salles d&rsquo;attente<\/em><\/a> (2015-2016), deux s\u00e9ries de clips photographiques en \u00e9chos libres \u00e0 ses textes de th\u00e9\u00e2tre (respectivement <a title=\"Plus de d\u00e9tails sur Image Latente \u00e9ditions !\" href=\"http:\/\/www.timor-rocks.com\/image-latente\/publications\/entretiens-avec-la-mer\/\"><em>Entretiens avec la mer<\/em><\/a> paru en 2014 et <em>Je suis contre la mort<\/em>)&#8230;<\/li>\n<li><strong>Dominique Sampiero<\/strong> : conte photographique <a title=\"Plus de d\u00e9tails sur Timor Rocks !\" href=\"http:\/\/www.timor-rocks.com\/les-ecouteurs\/\"><em>Nuit claire<\/em><\/a> paru en 2014 ; petite forme photographique et po\u00e9tique <em><a title=\"Toi Tu : Ferme de Bel Ebat, Guyancourt (78), mars 2014\" href=\"http:\/\/www.ernestotimor.com\/irregular\/echographies\/toi-tu-guyancourt-pres-de-paris-mars-2014\/\">Toi Tu<\/a><\/em>, perform\u00e9e en 2014&#8230;<\/li>\n<\/ul>\n<h5><em>Les bavardes<\/em> (ancienne s\u00e9rie).<\/h5>\n<p>C&rsquo;\u00e9tait le nom d&rsquo;une rubrique de feu mon site <em>Trompe-la-mort<\/em> , d&rsquo;une gamme de livrets sur Image Latente (le site)&#8230; Emm\u00eal\u00e9es \u00e0 mes \u00e9chos photographiques, on y retrouvait en particulier les plumes de <strong>Milady Renoir<\/strong>, <strong>Alexandra d&rsquo;Orl\u00e9ans<\/strong>, <strong>Sandrine Rotil-Tiefenbach<\/strong>.<\/p>\n<h5><em>Les bavardes<\/em> (nouvelle s\u00e9rie).<\/h5>\n<p>Une partie de tout cela est en cours de restauration dans une collection de s\u00e9quences qui a conserv\u00e9 cet intitul\u00e9 des <em>Bavardes<\/em>, \u00e0 retrouver dans la section <a title=\"L\u2019Enfer : la loi des s\u00e9ries\" href=\"http:\/\/www.ernestotimor.com\/irregular\/retro\/lenfer\/ #\">L&rsquo;Enfer<\/a> de ce site !<\/p>\n<h5>Jeux de correspondance sur le Net.<\/h5>\n<p>J&rsquo;en ai tent\u00e9 plusieurs, mais n&rsquo;y fais jamais de vieux os, pour une raison ou une autre. J&rsquo;ai jou\u00e9 en particulier avec les<strong> Vases communicants<\/strong> (r\u00e9seau mouvant de blogs \u00e0 tendance litt\u00e9raire, on va publier chez l&rsquo;autre, et r\u00e9ciproquement&nbsp; un vendredi par mois&#8230;&nbsp; voir mes quelques posts class\u00e9s dans vases communicants) ; aussi avec les <strong>Rendez-vous sur prises<\/strong> (o\u00f9 NM nous faisait faire une photo en temps et en heure, en r\u00e9jouissant arbitraire, traces <a href=\"http:\/\/rendezvoussurprises.blogspot.com\/\">ici<\/a>).<\/p>\n<h5><em>Un titre<\/em> (la machine \u00e0 broyer du roman)&#8230;<\/h5>\n<p>Une g\u00e9niale moulinette \u00e0 g\u00e9n\u00e9rer de la po\u00e9sie visuelle et\/ou \u00e9ditoriale, sign\u00e9e de mon camarade Omer Pesquer. Le visiteur entre son nom de plume, le g\u00e9n\u00e9rateur de couverture de romans fait le reste, titre et visuel !&#8230; La collection fictive Editions Irr\u00e9guli\u00e8res turbine \u00e0 partir d&rsquo;une s\u00e9lection de mes images&#8230; On gagne presque \u00e0 tous les coup, addiction possible ! Succ\u00e8s ph\u00e9nom\u00e9nal du dispositif, qui a g\u00e9n\u00e9r\u00e9 plus de 3 millions de couvertures et dont parlent quantit\u00e9 d&rsquo;articles sur le Net ! <a href=\"http:\/\/www.omerpesquer.info\/untitre\">A vous de jouer<\/a> !<\/p>\n<p>&nbsp;<\/p>\n<p>&nbsp;<br \/>\n<\/p><\/div>\n","protected":false},"excerpt":{"rendered":"","protected":false},"author":2,"featured_media":0,"parent":15388,"menu_order":0,"comment_status":"closed","ping_status":"closed","template":"","meta":{"ngg_post_thumbnail":0,"footnotes":""},"categories":[],"tags":[48,144,182,139,261,34,56],"class_list":["post-19155","page","type-page","status-publish","hentry","tag-ce-que-je-crois","tag-demarche","tag-echo","tag-les-bavardes","tag-poesie","tag-rencontre","tag-signes"],"yoast_head":"<!-- This site is optimized with the Yoast SEO plugin v27.1.1 - https:\/\/yoast.com\/product\/yoast-seo-wordpress\/ -->\n<title>Bavardages : comment photographier entre les lignes &#8902; Ernesto Timor, photographe auteur<\/title>\n<meta name=\"robots\" content=\"index, follow, max-snippet:-1, max-image-preview:large, max-video-preview:-1\" \/>\n<link rel=\"canonical\" href=\"https:\/\/www.ernestotimor.com\/irregular\/echographies\/bavardages-comment-photographier-entre-les-lignes\/\" \/>\n<meta property=\"og:locale\" content=\"fr_FR\" \/>\n<meta property=\"og:type\" content=\"article\" \/>\n<meta property=\"og:title\" content=\"Bavardages : comment photographier entre les lignes &#8902; Ernesto Timor, photographe auteur\" \/>\n<meta property=\"og:url\" content=\"https:\/\/www.ernestotimor.com\/irregular\/echographies\/bavardages-comment-photographier-entre-les-lignes\/\" \/>\n<meta property=\"og:site_name\" content=\"Ernesto Timor, photographe auteur\" \/>\n<meta property=\"article:publisher\" content=\"https:\/\/www.facebook.com\/Timor.Rocks\/\" \/>\n<meta property=\"article:modified_time\" content=\"2025-10-28T08:37:18+00:00\" \/>\n<meta property=\"og:image\" content=\"https:\/\/www.ernestotimor.com\/irregular\/wp-content\/uploads\/2015\/01\/0902-life3550.jpg\" \/>\n\t<meta property=\"og:image:width\" content=\"700\" \/>\n\t<meta property=\"og:image:height\" content=\"466\" \/>\n\t<meta property=\"og:image:type\" content=\"image\/jpeg\" \/>\n<meta name=\"twitter:card\" content=\"summary_large_image\" \/>\n<meta name=\"twitter:label1\" content=\"Dur\u00e9e de lecture estim\u00e9e\" \/>\n\t<meta name=\"twitter:data1\" content=\"3 minutes\" \/>\n<script type=\"application\/ld+json\" class=\"yoast-schema-graph\">{\"@context\":\"https:\/\/schema.org\",\"@graph\":[{\"@type\":\"WebPage\",\"@id\":\"https:\/\/www.ernestotimor.com\/irregular\/echographies\/bavardages-comment-photographier-entre-les-lignes\/\",\"url\":\"https:\/\/www.ernestotimor.com\/irregular\/echographies\/bavardages-comment-photographier-entre-les-lignes\/\",\"name\":\"Bavardages : comment photographier entre les lignes &#8902; Ernesto Timor, photographe auteur\",\"isPartOf\":{\"@id\":\"https:\/\/www.ernestotimor.com\/irregular\/#website\"},\"primaryImageOfPage\":{\"@id\":\"https:\/\/www.ernestotimor.com\/irregular\/echographies\/bavardages-comment-photographier-entre-les-lignes\/#primaryimage\"},\"image\":{\"@id\":\"https:\/\/www.ernestotimor.com\/irregular\/echographies\/bavardages-comment-photographier-entre-les-lignes\/#primaryimage\"},\"thumbnailUrl\":\"http:\/\/www.ernestotimor.com\/irregular\/wp-content\/uploads\/2015\/01\/0902-life3550-512x341.jpg\",\"datePublished\":\"2015-01-31T12:06:06+00:00\",\"dateModified\":\"2025-10-28T08:37:18+00:00\",\"breadcrumb\":{\"@id\":\"https:\/\/www.ernestotimor.com\/irregular\/echographies\/bavardages-comment-photographier-entre-les-lignes\/#breadcrumb\"},\"inLanguage\":\"fr-FR\",\"potentialAction\":[{\"@type\":\"ReadAction\",\"target\":[\"https:\/\/www.ernestotimor.com\/irregular\/echographies\/bavardages-comment-photographier-entre-les-lignes\/\"]}]},{\"@type\":\"ImageObject\",\"inLanguage\":\"fr-FR\",\"@id\":\"https:\/\/www.ernestotimor.com\/irregular\/echographies\/bavardages-comment-photographier-entre-les-lignes\/#primaryimage\",\"url\":\"https:\/\/www.ernestotimor.com\/irregular\/wp-content\/uploads\/2015\/01\/0902-life3550.jpg\",\"contentUrl\":\"https:\/\/www.ernestotimor.com\/irregular\/wp-content\/uploads\/2015\/01\/0902-life3550.jpg\",\"width\":700,\"height\":466},{\"@type\":\"BreadcrumbList\",\"@id\":\"https:\/\/www.ernestotimor.com\/irregular\/echographies\/bavardages-comment-photographier-entre-les-lignes\/#breadcrumb\",\"itemListElement\":[{\"@type\":\"ListItem\",\"position\":1,\"name\":\"Accueil\",\"item\":\"https:\/\/www.ernestotimor.com\/irregular\/\"},{\"@type\":\"ListItem\",\"position\":2,\"name\":\"Echographies : Ernesto Timor &#038; friends\",\"item\":\"https:\/\/www.ernestotimor.com\/irregular\/echographies\/\"},{\"@type\":\"ListItem\",\"position\":3,\"name\":\"Bavardages : comment photographier entre les lignes\"}]},{\"@type\":\"WebSite\",\"@id\":\"https:\/\/www.ernestotimor.com\/irregular\/#website\",\"url\":\"https:\/\/www.ernestotimor.com\/irregular\/\",\"name\":\"Ernesto Timor, photographe auteur\",\"description\":\"Travaux personnels, galeries d&#039;art et d&#039;essai\",\"publisher\":{\"@id\":\"https:\/\/www.ernestotimor.com\/irregular\/#organization\"},\"potentialAction\":[{\"@type\":\"SearchAction\",\"target\":{\"@type\":\"EntryPoint\",\"urlTemplate\":\"https:\/\/www.ernestotimor.com\/irregular\/?s={search_term_string}\"},\"query-input\":{\"@type\":\"PropertyValueSpecification\",\"valueRequired\":true,\"valueName\":\"search_term_string\"}}],\"inLanguage\":\"fr-FR\"},{\"@type\":\"Organization\",\"@id\":\"https:\/\/www.ernestotimor.com\/irregular\/#organization\",\"name\":\"Timor Rocks !\",\"url\":\"https:\/\/www.ernestotimor.com\/irregular\/\",\"logo\":{\"@type\":\"ImageObject\",\"inLanguage\":\"fr-FR\",\"@id\":\"https:\/\/www.ernestotimor.com\/irregular\/#\/schema\/logo\/image\/\",\"url\":\"https:\/\/www.ernestotimor.com\/irregular\/wp-content\/uploads\/2019\/09\/irregular-2019-logo-wp-2.png\",\"contentUrl\":\"https:\/\/www.ernestotimor.com\/irregular\/wp-content\/uploads\/2019\/09\/irregular-2019-logo-wp-2.png\",\"width\":240,\"height\":120,\"caption\":\"Timor Rocks !\"},\"image\":{\"@id\":\"https:\/\/www.ernestotimor.com\/irregular\/#\/schema\/logo\/image\/\"},\"sameAs\":[\"https:\/\/www.facebook.com\/Timor.Rocks\/\",\"http:\/\/fr.linkedin.com\/in\/timorrocks\",\"https:\/\/www.youtube.com\/user\/Theatredumenteur\"]}]}<\/script>\n<!-- \/ Yoast SEO plugin. -->","yoast_head_json":{"title":"Bavardages : comment photographier entre les lignes &#8902; Ernesto Timor, photographe auteur","robots":{"index":"index","follow":"follow","max-snippet":"max-snippet:-1","max-image-preview":"max-image-preview:large","max-video-preview":"max-video-preview:-1"},"canonical":"https:\/\/www.ernestotimor.com\/irregular\/echographies\/bavardages-comment-photographier-entre-les-lignes\/","og_locale":"fr_FR","og_type":"article","og_title":"Bavardages : comment photographier entre les lignes &#8902; Ernesto Timor, photographe auteur","og_url":"https:\/\/www.ernestotimor.com\/irregular\/echographies\/bavardages-comment-photographier-entre-les-lignes\/","og_site_name":"Ernesto Timor, photographe auteur","article_publisher":"https:\/\/www.facebook.com\/Timor.Rocks\/","article_modified_time":"2025-10-28T08:37:18+00:00","og_image":[{"width":700,"height":466,"url":"https:\/\/www.ernestotimor.com\/irregular\/wp-content\/uploads\/2015\/01\/0902-life3550.jpg","type":"image\/jpeg"}],"twitter_card":"summary_large_image","twitter_misc":{"Dur\u00e9e de lecture estim\u00e9e":"3 minutes"},"schema":{"@context":"https:\/\/schema.org","@graph":[{"@type":"WebPage","@id":"https:\/\/www.ernestotimor.com\/irregular\/echographies\/bavardages-comment-photographier-entre-les-lignes\/","url":"https:\/\/www.ernestotimor.com\/irregular\/echographies\/bavardages-comment-photographier-entre-les-lignes\/","name":"Bavardages : comment photographier entre les lignes &#8902; Ernesto Timor, photographe auteur","isPartOf":{"@id":"https:\/\/www.ernestotimor.com\/irregular\/#website"},"primaryImageOfPage":{"@id":"https:\/\/www.ernestotimor.com\/irregular\/echographies\/bavardages-comment-photographier-entre-les-lignes\/#primaryimage"},"image":{"@id":"https:\/\/www.ernestotimor.com\/irregular\/echographies\/bavardages-comment-photographier-entre-les-lignes\/#primaryimage"},"thumbnailUrl":"http:\/\/www.ernestotimor.com\/irregular\/wp-content\/uploads\/2015\/01\/0902-life3550-512x341.jpg","datePublished":"2015-01-31T12:06:06+00:00","dateModified":"2025-10-28T08:37:18+00:00","breadcrumb":{"@id":"https:\/\/www.ernestotimor.com\/irregular\/echographies\/bavardages-comment-photographier-entre-les-lignes\/#breadcrumb"},"inLanguage":"fr-FR","potentialAction":[{"@type":"ReadAction","target":["https:\/\/www.ernestotimor.com\/irregular\/echographies\/bavardages-comment-photographier-entre-les-lignes\/"]}]},{"@type":"ImageObject","inLanguage":"fr-FR","@id":"https:\/\/www.ernestotimor.com\/irregular\/echographies\/bavardages-comment-photographier-entre-les-lignes\/#primaryimage","url":"https:\/\/www.ernestotimor.com\/irregular\/wp-content\/uploads\/2015\/01\/0902-life3550.jpg","contentUrl":"https:\/\/www.ernestotimor.com\/irregular\/wp-content\/uploads\/2015\/01\/0902-life3550.jpg","width":700,"height":466},{"@type":"BreadcrumbList","@id":"https:\/\/www.ernestotimor.com\/irregular\/echographies\/bavardages-comment-photographier-entre-les-lignes\/#breadcrumb","itemListElement":[{"@type":"ListItem","position":1,"name":"Accueil","item":"https:\/\/www.ernestotimor.com\/irregular\/"},{"@type":"ListItem","position":2,"name":"Echographies : Ernesto Timor &#038; friends","item":"https:\/\/www.ernestotimor.com\/irregular\/echographies\/"},{"@type":"ListItem","position":3,"name":"Bavardages : comment photographier entre les lignes"}]},{"@type":"WebSite","@id":"https:\/\/www.ernestotimor.com\/irregular\/#website","url":"https:\/\/www.ernestotimor.com\/irregular\/","name":"Ernesto Timor, photographe auteur","description":"Travaux personnels, galeries d&#039;art et d&#039;essai","publisher":{"@id":"https:\/\/www.ernestotimor.com\/irregular\/#organization"},"potentialAction":[{"@type":"SearchAction","target":{"@type":"EntryPoint","urlTemplate":"https:\/\/www.ernestotimor.com\/irregular\/?s={search_term_string}"},"query-input":{"@type":"PropertyValueSpecification","valueRequired":true,"valueName":"search_term_string"}}],"inLanguage":"fr-FR"},{"@type":"Organization","@id":"https:\/\/www.ernestotimor.com\/irregular\/#organization","name":"Timor Rocks !","url":"https:\/\/www.ernestotimor.com\/irregular\/","logo":{"@type":"ImageObject","inLanguage":"fr-FR","@id":"https:\/\/www.ernestotimor.com\/irregular\/#\/schema\/logo\/image\/","url":"https:\/\/www.ernestotimor.com\/irregular\/wp-content\/uploads\/2019\/09\/irregular-2019-logo-wp-2.png","contentUrl":"https:\/\/www.ernestotimor.com\/irregular\/wp-content\/uploads\/2019\/09\/irregular-2019-logo-wp-2.png","width":240,"height":120,"caption":"Timor Rocks !"},"image":{"@id":"https:\/\/www.ernestotimor.com\/irregular\/#\/schema\/logo\/image\/"},"sameAs":["https:\/\/www.facebook.com\/Timor.Rocks\/","http:\/\/fr.linkedin.com\/in\/timorrocks","https:\/\/www.youtube.com\/user\/Theatredumenteur"]}]}},"_links":{"self":[{"href":"https:\/\/www.ernestotimor.com\/irregular\/wp-json\/wp\/v2\/pages\/19155","targetHints":{"allow":["GET"]}}],"collection":[{"href":"https:\/\/www.ernestotimor.com\/irregular\/wp-json\/wp\/v2\/pages"}],"about":[{"href":"https:\/\/www.ernestotimor.com\/irregular\/wp-json\/wp\/v2\/types\/page"}],"author":[{"embeddable":true,"href":"https:\/\/www.ernestotimor.com\/irregular\/wp-json\/wp\/v2\/users\/2"}],"replies":[{"embeddable":true,"href":"https:\/\/www.ernestotimor.com\/irregular\/wp-json\/wp\/v2\/comments?post=19155"}],"version-history":[{"count":2,"href":"https:\/\/www.ernestotimor.com\/irregular\/wp-json\/wp\/v2\/pages\/19155\/revisions"}],"predecessor-version":[{"id":25491,"href":"https:\/\/www.ernestotimor.com\/irregular\/wp-json\/wp\/v2\/pages\/19155\/revisions\/25491"}],"up":[{"embeddable":true,"href":"https:\/\/www.ernestotimor.com\/irregular\/wp-json\/wp\/v2\/pages\/15388"}],"wp:attachment":[{"href":"https:\/\/www.ernestotimor.com\/irregular\/wp-json\/wp\/v2\/media?parent=19155"}],"wp:term":[{"taxonomy":"category","embeddable":true,"href":"https:\/\/www.ernestotimor.com\/irregular\/wp-json\/wp\/v2\/categories?post=19155"},{"taxonomy":"post_tag","embeddable":true,"href":"https:\/\/www.ernestotimor.com\/irregular\/wp-json\/wp\/v2\/tags?post=19155"}],"curies":[{"name":"wp","href":"https:\/\/api.w.org\/{rel}","templated":true}]}}