{"id":23137,"date":"2017-03-13T11:52:29","date_gmt":"2017-03-13T10:52:29","guid":{"rendered":"http:\/\/www.ernestotimor.com\/irregular\/?page_id=23137"},"modified":"2025-10-26T18:21:38","modified_gmt":"2025-10-26T17:21:38","slug":"pour-que-tu-ne-perdes-pas-le-fil","status":"publish","type":"page","link":"https:\/\/www.ernestotimor.com\/irregular\/echographies\/pour-que-tu-ne-perdes-pas-le-fil\/","title":{"rendered":"<em>Pour que tu ne perdes pas le fil<\/em> : suite de films photographiques, 2017"},"content":{"rendered":"<div class=\"short-cry col-sm-6\">\n<div class=\"encadre2015\">\n<p style=\"font-weight: 400;\"><span style=\"font-weight: 400;\"><\/span><\/p>\n<p>&nbsp;<\/p>\n<p style=\"font-weight: 400;\">&nbsp;<\/p>\n<h4>Dans la ligne (sinueuse et bris\u00e9e plus que droite) de <em><a href=\"http:\/\/www.ernestotimor.com\/irregular\/expositions\/expositions-passees-encore-visibles-en-ligne\/mes-champs-visuels-apparitions-reconstructions-une-suite-photographique\/\">Mes champs visuels<\/a><\/em>, un side-project a vu le jour : <em>Pour que tu ne perdes pas le fil.<\/em><br \/>\n\u00c7a aurait aussi bien pu s&rsquo;appeler <em>Chacun(e) son lien<\/em>, et cette nouvelle saga de films photographiques est mise en musique par le guitariste Jeff Duschek.<\/h4>\n<\/div>\n<p style=\"font-weight: 400;\">&nbsp;<\/p>\n<p style=\"font-weight: 400;\">&nbsp;<\/p>\n<p>On retrouve la pelote de cordeau qui servait \u00e0 cadrer les paysages de <em>Mes champs visuels<\/em>, puisque tout part de l\u00e0\u2026 Pour le reste, l\u2019approche est oppos\u00e9e, \u00e0 moins qu\u2019elle ne soit compl\u00e9mentaire : l\u2019humain se d\u00e9fragmente, revient au premier plan, c\u2019est lui qui d\u00e9cide comment tout cela va se d\u00e9rouler, en s\u2019impliquant \u00e0 des degr\u00e9s divers. Je l\u00e2che chacun-e dans un espace clos, souvent chez lui-elle, il-elle y&nbsp;tisse sa toile \u00e0 sa fa\u00e7on, se&nbsp;prend les pattes dedans expr\u00e8s ou pas, en&nbsp;tous cas \u00e7a performe plus que \u00e7a ne pose\u2026<br \/>\nCe basculement du c\u00f4t\u00e9 de l\u2019incertain et du v\u00e9cu intime a fait aussi changer le mode de restitution : c\u2019est le chemin qui importe, ses tentatives et ses retours sur soi, il faut pouvoir glisser le long de cette profusion d\u2019images interm\u00e9diaires, et \u00e7a passe donc par des montages en petits films photographiques, autant que de rencontres\u2026<\/p>\n<p>Un musicien m\u2019a rejoint dans cette aventure : Jeff Duschek fait g\u00e9mir ses guitares hypnotiques sur les bandes originales de chacun de ces \u00e9pisodes.<br \/>\n\u00ab&nbsp;De la mati\u00e8re sonore enveloppe les images. Dans les tr\u00e9fonds de la musique libre et (parfois) improvis\u00e9e, je fais retentir mes compagnes d\u2019acier et mes plus chaudes lampes. Accompagnant le fil qui se d\u00e9roule, la guitare \u00e0 bout de bras et la t\u00eate dans le cosmos, une \u00e2me post-rock dans un corps contemporain !&nbsp;\u00bb<\/p>\n<p>&nbsp;<\/p>\n<div class=\"encadre2015\">\n<p><br class=\"spacer\"\/><strong>Printemps 2017 : performance live.<\/strong> Jeff Duschek performe en live sur la projection de l\u2019int\u00e9grale \u00e0 &nbsp;ce jour (8 \u00e9pisodes en 2 sets, une petite heure en tout), \u00e0 la M\u00e9duze (Lyon 1<sup>er<\/sup>) le 27 avril 2017, \u00e0 l&rsquo;occasion de la soir\u00e9e de vernissage de l&rsquo;expo <em>Tir\u00e9 au cordeau<\/em> (o\u00f9 l&rsquo;on retrouve, entre autres, un grand accrochage de <em><a href=\"https:\/\/www.ernestotimor.com\/irregular\/expositions\/expositions-passees-encore-visibles-en-ligne\/mes-champs-visuels-apparitions-reconstructions-une-suite-photographique\/\">Mes champs visuels<\/a><\/em>&#8230;<br \/>\n<br class=\"spacer\"\/><a href=\"http:\/\/www.ernestotimor.com\/irregular\/wp-content\/uploads\/2017\/03\/cordeau-meduze-teaser-ernesto-2.jpg\"><img loading=\"lazy\" decoding=\"async\" class=\"alignnone wp-image-23208 size-large\" title=\"Cliquer pour agrandir\" src=\"http:\/\/www.ernestotimor.com\/irregular\/wp-content\/uploads\/2017\/03\/cordeau-meduze-teaser-ernesto-2-512x341.jpg\" alt=\"Photo et graphisme \u00a9 Ernesto Timor\" width=\"512\" height=\"341\" srcset=\"https:\/\/www.ernestotimor.com\/irregular\/wp-content\/uploads\/2017\/03\/cordeau-meduze-teaser-ernesto-2-512x341.jpg 512w, https:\/\/www.ernestotimor.com\/irregular\/wp-content\/uploads\/2017\/03\/cordeau-meduze-teaser-ernesto-2-300x200.jpg 300w, https:\/\/www.ernestotimor.com\/irregular\/wp-content\/uploads\/2017\/03\/cordeau-meduze-teaser-ernesto-2-768x512.jpg 768w, https:\/\/www.ernestotimor.com\/irregular\/wp-content\/uploads\/2017\/03\/cordeau-meduze-teaser-ernesto-2-225x150.jpg 225w, https:\/\/www.ernestotimor.com\/irregular\/wp-content\/uploads\/2017\/03\/cordeau-meduze-teaser-ernesto-2-150x100.jpg 150w, https:\/\/www.ernestotimor.com\/irregular\/wp-content\/uploads\/2017\/03\/cordeau-meduze-teaser-ernesto-2.jpg 1600w\" sizes=\"auto, (max-width: 512px) 100vw, 512px\" \/><\/a><\/p>\n<\/div>\n<\/div>\n<div class=\"short-cry col-sm-6\">\n&nbsp;\n<h5>Laissez-vous embarquer (en montant le son, plein \u00e9cran et en HD de pr\u00e9f\u00e9rence) !<\/h5>\n<p>&nbsp;<\/p>\n<p><iframe loading=\"lazy\" src=\"https:\/\/player.vimeo.com\/video\/665237379?h=f07a581f1c\" width=\"640\" height=\"360\" frameborder=\"0\" allowfullscreen=\"allowfullscreen\"><\/iframe><\/p>\n<p><iframe loading=\"lazy\" src=\"https:\/\/player.vimeo.com\/video\/686193148?h=10b5acc98b\" width=\"640\" height=\"360\" frameborder=\"0\" allowfullscreen=\"allowfullscreen\"><\/iframe> (bande son live)<\/p>\n<p><iframe loading=\"lazy\" src=\"https:\/\/player.vimeo.com\/video\/686193267?h=e27def8fcb\" width=\"640\" height=\"360\" frameborder=\"0\" allowfullscreen=\"allowfullscreen\"><\/iframe><\/p>\n<p><iframe loading=\"lazy\" src=\"https:\/\/player.vimeo.com\/video\/686171241?h=23366d7b1f\" width=\"640\" height=\"480\" frameborder=\"0\" allowfullscreen=\"allowfullscreen\"><\/iframe><\/p>\n<p><iframe loading=\"lazy\" src=\"https:\/\/player.vimeo.com\/video\/686193024?h=4a4c6eca88\" width=\"640\" height=\"360\" frameborder=\"0\" allowfullscreen=\"allowfullscreen\"><\/iframe><\/p>\n<p><iframe loading=\"lazy\" src=\"https:\/\/player.vimeo.com\/video\/686196434?h=7a165d8a34\" width=\"640\" height=\"480\" frameborder=\"0\" allowfullscreen=\"allowfullscreen\"><\/iframe><\/p>\n<p><iframe loading=\"lazy\" src=\"https:\/\/player.vimeo.com\/video\/313563075?h=00ed615e73\" width=\"640\" height=\"360\" frameborder=\"0\" allowfullscreen=\"allowfullscreen\"><\/iframe><\/p>\n<p>&nbsp;<\/p>\n<h5>Au sommaire de ces aper\u00e7us en ligne (extraits du work in progress)<\/h5>\n<p>#1, Nel 7&rsquo;01. #2, Supasam 2&rsquo;53. #3, Clarisse 7&rsquo;48. #4, Scha 5&rsquo;27. #5, Sabryx 8&rsquo;09. #6, Jeff 4&rsquo;04. #7, Am\u00e9lie 6&rsquo;37.<\/p>\n<p><em>La num\u00e9rotation est chronologique et c&rsquo;est le nom de chaque personne qui donne son titre \u00e0 l&rsquo;\u00e9pisode.<\/em><\/p>\n<p>&nbsp;<\/p>\n<\/div>\n","protected":false},"excerpt":{"rendered":"","protected":false},"author":2,"featured_media":0,"parent":15388,"menu_order":0,"comment_status":"closed","ping_status":"closed","template":"","meta":{"ngg_post_thumbnail":0,"footnotes":""},"categories":[],"tags":[73,98,100,65,165,50,184,306],"class_list":["post-23137","page","type-page","status-publish","hentry","tag-actualite","tag-corps","tag-geometrie","tag-humeur","tag-matiere","tag-portrait","tag-pour-que-tu-ne-perdes-pas-le-fil","tag-sequences-photographiques"],"yoast_head":"<!-- This site is optimized with the Yoast SEO plugin v27.1.1 - https:\/\/yoast.com\/product\/yoast-seo-wordpress\/ -->\n<title>Pour que tu ne perdes pas le fil : suite de films photographiques, 2017 &#8902; Ernesto Timor, photographe auteur<\/title>\n<meta name=\"robots\" content=\"index, follow, max-snippet:-1, max-image-preview:large, max-video-preview:-1\" \/>\n<link rel=\"canonical\" href=\"https:\/\/www.ernestotimor.com\/irregular\/echographies\/pour-que-tu-ne-perdes-pas-le-fil\/\" \/>\n<meta property=\"og:locale\" content=\"fr_FR\" \/>\n<meta property=\"og:type\" content=\"article\" \/>\n<meta property=\"og:title\" content=\"Pour que tu ne perdes pas le fil : suite de films photographiques, 2017 &#8902; Ernesto Timor, photographe auteur\" \/>\n<meta property=\"og:url\" content=\"https:\/\/www.ernestotimor.com\/irregular\/echographies\/pour-que-tu-ne-perdes-pas-le-fil\/\" \/>\n<meta property=\"og:site_name\" content=\"Ernesto Timor, photographe auteur\" \/>\n<meta property=\"article:publisher\" content=\"https:\/\/www.facebook.com\/Timor.Rocks\/\" \/>\n<meta property=\"article:modified_time\" content=\"2025-10-26T17:21:38+00:00\" \/>\n<meta property=\"og:image\" content=\"https:\/\/www.ernestotimor.com\/irregular\/wp-content\/uploads\/2017\/03\/cordeau-meduze-teaser-ernesto-2.jpg\" \/>\n\t<meta property=\"og:image:width\" content=\"1600\" \/>\n\t<meta property=\"og:image:height\" content=\"1066\" \/>\n\t<meta property=\"og:image:type\" content=\"image\/jpeg\" \/>\n<meta name=\"twitter:card\" content=\"summary_large_image\" \/>\n<meta name=\"twitter:label1\" content=\"Dur\u00e9e de lecture estim\u00e9e\" \/>\n\t<meta name=\"twitter:data1\" content=\"3 minutes\" \/>\n<script type=\"application\/ld+json\" class=\"yoast-schema-graph\">{\"@context\":\"https:\/\/schema.org\",\"@graph\":[{\"@type\":\"WebPage\",\"@id\":\"https:\/\/www.ernestotimor.com\/irregular\/echographies\/pour-que-tu-ne-perdes-pas-le-fil\/\",\"url\":\"https:\/\/www.ernestotimor.com\/irregular\/echographies\/pour-que-tu-ne-perdes-pas-le-fil\/\",\"name\":\"Pour que tu ne perdes pas le fil : suite de films photographiques, 2017 &#8902; Ernesto Timor, photographe auteur\",\"isPartOf\":{\"@id\":\"https:\/\/www.ernestotimor.com\/irregular\/#website\"},\"primaryImageOfPage\":{\"@id\":\"https:\/\/www.ernestotimor.com\/irregular\/echographies\/pour-que-tu-ne-perdes-pas-le-fil\/#primaryimage\"},\"image\":{\"@id\":\"https:\/\/www.ernestotimor.com\/irregular\/echographies\/pour-que-tu-ne-perdes-pas-le-fil\/#primaryimage\"},\"thumbnailUrl\":\"http:\/\/www.ernestotimor.com\/irregular\/wp-content\/uploads\/2017\/03\/cordeau-meduze-teaser-ernesto-2-512x341.jpg\",\"datePublished\":\"2017-03-13T10:52:29+00:00\",\"dateModified\":\"2025-10-26T17:21:38+00:00\",\"breadcrumb\":{\"@id\":\"https:\/\/www.ernestotimor.com\/irregular\/echographies\/pour-que-tu-ne-perdes-pas-le-fil\/#breadcrumb\"},\"inLanguage\":\"fr-FR\",\"potentialAction\":[{\"@type\":\"ReadAction\",\"target\":[\"https:\/\/www.ernestotimor.com\/irregular\/echographies\/pour-que-tu-ne-perdes-pas-le-fil\/\"]}]},{\"@type\":\"ImageObject\",\"inLanguage\":\"fr-FR\",\"@id\":\"https:\/\/www.ernestotimor.com\/irregular\/echographies\/pour-que-tu-ne-perdes-pas-le-fil\/#primaryimage\",\"url\":\"https:\/\/www.ernestotimor.com\/irregular\/wp-content\/uploads\/2017\/03\/cordeau-meduze-teaser-ernesto-2.jpg\",\"contentUrl\":\"https:\/\/www.ernestotimor.com\/irregular\/wp-content\/uploads\/2017\/03\/cordeau-meduze-teaser-ernesto-2.jpg\",\"width\":1600,\"height\":1066},{\"@type\":\"BreadcrumbList\",\"@id\":\"https:\/\/www.ernestotimor.com\/irregular\/echographies\/pour-que-tu-ne-perdes-pas-le-fil\/#breadcrumb\",\"itemListElement\":[{\"@type\":\"ListItem\",\"position\":1,\"name\":\"Accueil\",\"item\":\"https:\/\/www.ernestotimor.com\/irregular\/\"},{\"@type\":\"ListItem\",\"position\":2,\"name\":\"Echographies : Ernesto Timor &#038; friends\",\"item\":\"https:\/\/www.ernestotimor.com\/irregular\/echographies\/\"},{\"@type\":\"ListItem\",\"position\":3,\"name\":\"Pour que tu ne perdes pas le fil : suite de films photographiques, 2017\"}]},{\"@type\":\"WebSite\",\"@id\":\"https:\/\/www.ernestotimor.com\/irregular\/#website\",\"url\":\"https:\/\/www.ernestotimor.com\/irregular\/\",\"name\":\"Ernesto Timor, photographe auteur\",\"description\":\"Travaux personnels, galeries d&#039;art et d&#039;essai\",\"publisher\":{\"@id\":\"https:\/\/www.ernestotimor.com\/irregular\/#organization\"},\"potentialAction\":[{\"@type\":\"SearchAction\",\"target\":{\"@type\":\"EntryPoint\",\"urlTemplate\":\"https:\/\/www.ernestotimor.com\/irregular\/?s={search_term_string}\"},\"query-input\":{\"@type\":\"PropertyValueSpecification\",\"valueRequired\":true,\"valueName\":\"search_term_string\"}}],\"inLanguage\":\"fr-FR\"},{\"@type\":\"Organization\",\"@id\":\"https:\/\/www.ernestotimor.com\/irregular\/#organization\",\"name\":\"Timor Rocks !\",\"url\":\"https:\/\/www.ernestotimor.com\/irregular\/\",\"logo\":{\"@type\":\"ImageObject\",\"inLanguage\":\"fr-FR\",\"@id\":\"https:\/\/www.ernestotimor.com\/irregular\/#\/schema\/logo\/image\/\",\"url\":\"https:\/\/www.ernestotimor.com\/irregular\/wp-content\/uploads\/2019\/09\/irregular-2019-logo-wp-2.png\",\"contentUrl\":\"https:\/\/www.ernestotimor.com\/irregular\/wp-content\/uploads\/2019\/09\/irregular-2019-logo-wp-2.png\",\"width\":240,\"height\":120,\"caption\":\"Timor Rocks !\"},\"image\":{\"@id\":\"https:\/\/www.ernestotimor.com\/irregular\/#\/schema\/logo\/image\/\"},\"sameAs\":[\"https:\/\/www.facebook.com\/Timor.Rocks\/\",\"http:\/\/fr.linkedin.com\/in\/timorrocks\",\"https:\/\/www.youtube.com\/user\/Theatredumenteur\"]}]}<\/script>\n<!-- \/ Yoast SEO plugin. -->","yoast_head_json":{"title":"Pour que tu ne perdes pas le fil : suite de films photographiques, 2017 &#8902; Ernesto Timor, photographe auteur","robots":{"index":"index","follow":"follow","max-snippet":"max-snippet:-1","max-image-preview":"max-image-preview:large","max-video-preview":"max-video-preview:-1"},"canonical":"https:\/\/www.ernestotimor.com\/irregular\/echographies\/pour-que-tu-ne-perdes-pas-le-fil\/","og_locale":"fr_FR","og_type":"article","og_title":"Pour que tu ne perdes pas le fil : suite de films photographiques, 2017 &#8902; Ernesto Timor, photographe auteur","og_url":"https:\/\/www.ernestotimor.com\/irregular\/echographies\/pour-que-tu-ne-perdes-pas-le-fil\/","og_site_name":"Ernesto Timor, photographe auteur","article_publisher":"https:\/\/www.facebook.com\/Timor.Rocks\/","article_modified_time":"2025-10-26T17:21:38+00:00","og_image":[{"width":1600,"height":1066,"url":"https:\/\/www.ernestotimor.com\/irregular\/wp-content\/uploads\/2017\/03\/cordeau-meduze-teaser-ernesto-2.jpg","type":"image\/jpeg"}],"twitter_card":"summary_large_image","twitter_misc":{"Dur\u00e9e de lecture estim\u00e9e":"3 minutes"},"schema":{"@context":"https:\/\/schema.org","@graph":[{"@type":"WebPage","@id":"https:\/\/www.ernestotimor.com\/irregular\/echographies\/pour-que-tu-ne-perdes-pas-le-fil\/","url":"https:\/\/www.ernestotimor.com\/irregular\/echographies\/pour-que-tu-ne-perdes-pas-le-fil\/","name":"Pour que tu ne perdes pas le fil : suite de films photographiques, 2017 &#8902; Ernesto Timor, photographe auteur","isPartOf":{"@id":"https:\/\/www.ernestotimor.com\/irregular\/#website"},"primaryImageOfPage":{"@id":"https:\/\/www.ernestotimor.com\/irregular\/echographies\/pour-que-tu-ne-perdes-pas-le-fil\/#primaryimage"},"image":{"@id":"https:\/\/www.ernestotimor.com\/irregular\/echographies\/pour-que-tu-ne-perdes-pas-le-fil\/#primaryimage"},"thumbnailUrl":"http:\/\/www.ernestotimor.com\/irregular\/wp-content\/uploads\/2017\/03\/cordeau-meduze-teaser-ernesto-2-512x341.jpg","datePublished":"2017-03-13T10:52:29+00:00","dateModified":"2025-10-26T17:21:38+00:00","breadcrumb":{"@id":"https:\/\/www.ernestotimor.com\/irregular\/echographies\/pour-que-tu-ne-perdes-pas-le-fil\/#breadcrumb"},"inLanguage":"fr-FR","potentialAction":[{"@type":"ReadAction","target":["https:\/\/www.ernestotimor.com\/irregular\/echographies\/pour-que-tu-ne-perdes-pas-le-fil\/"]}]},{"@type":"ImageObject","inLanguage":"fr-FR","@id":"https:\/\/www.ernestotimor.com\/irregular\/echographies\/pour-que-tu-ne-perdes-pas-le-fil\/#primaryimage","url":"https:\/\/www.ernestotimor.com\/irregular\/wp-content\/uploads\/2017\/03\/cordeau-meduze-teaser-ernesto-2.jpg","contentUrl":"https:\/\/www.ernestotimor.com\/irregular\/wp-content\/uploads\/2017\/03\/cordeau-meduze-teaser-ernesto-2.jpg","width":1600,"height":1066},{"@type":"BreadcrumbList","@id":"https:\/\/www.ernestotimor.com\/irregular\/echographies\/pour-que-tu-ne-perdes-pas-le-fil\/#breadcrumb","itemListElement":[{"@type":"ListItem","position":1,"name":"Accueil","item":"https:\/\/www.ernestotimor.com\/irregular\/"},{"@type":"ListItem","position":2,"name":"Echographies : Ernesto Timor &#038; friends","item":"https:\/\/www.ernestotimor.com\/irregular\/echographies\/"},{"@type":"ListItem","position":3,"name":"Pour que tu ne perdes pas le fil : suite de films photographiques, 2017"}]},{"@type":"WebSite","@id":"https:\/\/www.ernestotimor.com\/irregular\/#website","url":"https:\/\/www.ernestotimor.com\/irregular\/","name":"Ernesto Timor, photographe auteur","description":"Travaux personnels, galeries d&#039;art et d&#039;essai","publisher":{"@id":"https:\/\/www.ernestotimor.com\/irregular\/#organization"},"potentialAction":[{"@type":"SearchAction","target":{"@type":"EntryPoint","urlTemplate":"https:\/\/www.ernestotimor.com\/irregular\/?s={search_term_string}"},"query-input":{"@type":"PropertyValueSpecification","valueRequired":true,"valueName":"search_term_string"}}],"inLanguage":"fr-FR"},{"@type":"Organization","@id":"https:\/\/www.ernestotimor.com\/irregular\/#organization","name":"Timor Rocks !","url":"https:\/\/www.ernestotimor.com\/irregular\/","logo":{"@type":"ImageObject","inLanguage":"fr-FR","@id":"https:\/\/www.ernestotimor.com\/irregular\/#\/schema\/logo\/image\/","url":"https:\/\/www.ernestotimor.com\/irregular\/wp-content\/uploads\/2019\/09\/irregular-2019-logo-wp-2.png","contentUrl":"https:\/\/www.ernestotimor.com\/irregular\/wp-content\/uploads\/2019\/09\/irregular-2019-logo-wp-2.png","width":240,"height":120,"caption":"Timor Rocks !"},"image":{"@id":"https:\/\/www.ernestotimor.com\/irregular\/#\/schema\/logo\/image\/"},"sameAs":["https:\/\/www.facebook.com\/Timor.Rocks\/","http:\/\/fr.linkedin.com\/in\/timorrocks","https:\/\/www.youtube.com\/user\/Theatredumenteur"]}]}},"_links":{"self":[{"href":"https:\/\/www.ernestotimor.com\/irregular\/wp-json\/wp\/v2\/pages\/23137","targetHints":{"allow":["GET"]}}],"collection":[{"href":"https:\/\/www.ernestotimor.com\/irregular\/wp-json\/wp\/v2\/pages"}],"about":[{"href":"https:\/\/www.ernestotimor.com\/irregular\/wp-json\/wp\/v2\/types\/page"}],"author":[{"embeddable":true,"href":"https:\/\/www.ernestotimor.com\/irregular\/wp-json\/wp\/v2\/users\/2"}],"replies":[{"embeddable":true,"href":"https:\/\/www.ernestotimor.com\/irregular\/wp-json\/wp\/v2\/comments?post=23137"}],"version-history":[{"count":3,"href":"https:\/\/www.ernestotimor.com\/irregular\/wp-json\/wp\/v2\/pages\/23137\/revisions"}],"predecessor-version":[{"id":25459,"href":"https:\/\/www.ernestotimor.com\/irregular\/wp-json\/wp\/v2\/pages\/23137\/revisions\/25459"}],"up":[{"embeddable":true,"href":"https:\/\/www.ernestotimor.com\/irregular\/wp-json\/wp\/v2\/pages\/15388"}],"wp:attachment":[{"href":"https:\/\/www.ernestotimor.com\/irregular\/wp-json\/wp\/v2\/media?parent=23137"}],"wp:term":[{"taxonomy":"category","embeddable":true,"href":"https:\/\/www.ernestotimor.com\/irregular\/wp-json\/wp\/v2\/categories?post=23137"},{"taxonomy":"post_tag","embeddable":true,"href":"https:\/\/www.ernestotimor.com\/irregular\/wp-json\/wp\/v2\/tags?post=23137"}],"curies":[{"name":"wp","href":"https:\/\/api.w.org\/{rel}","templated":true}]}}